?
False
Is 3163431643 composite?
False
Is 93449288561 a composite number?
False
Is 311535793 prime?
True
Is 726640667 prime?
False
Is 71270774035 a composite number?
True
Is 2177212346 prime?
False
Is 3919898495 composite?
True
Is 69086517419 composite?
False
Is 1544176807 composite?
True
Is 851305729 composite?
False
Is 6905746247 a prime number?
False
Is 10038716263 composite?
False
Is 3499240187 prime?
True
Is 596373491 prime?
False
Is 1715970451 composite?
True
Is 1441982285 a prime number?
False
Is 7511395667 a prime number?
True
Is 1443688157 a composite number?
False
Is 74667081101 composite?
False
Is 6261611077 prime?
True
Is 1712357643 a composite number?
True
Is 374219737 prime?
False
Is 6706727471 composite?
True
Is 11171432471 a composite number?
False
Is 3164856283 prime?
True
Is 92297080219 a prime number?
True
Is 3100388677 prime?
True
Is 71330899127 a prime number?
True
Is 3839575457 a prime number?
False
Is 1645466461 composite?
True
Is 239006947 a prime number?
False
Is 199309904081 a composite number?
False
Is 806230879 prime?
True
Is 378141613 prime?
False
Is 150045223927 a prime number?
True
Is 33274526851 a composite number?
False
Is 4963627457 prime?
True
Is 1030727689 a composite number?
False
Is 1324716053 composite?
False
Is 20858941949 a composite number?
False
Is 1279751497 a prime number?
True
Is 1746055769 prime?
True
Is 50938540453 a composite number?
True
Is 46437043889 a prime number?
False
Is 334861213 prime?
True
Is 6296219 prime?
False
Is 12046650673 a composite number?
False
Is 50840178941 a prime number?
True
Is 1626037031 a prime number?
False
Is 406924043 prime?
True
Is 7766246129 composite?
False
Is 19900649017 a prime number?
False
Is 1070066005 prime?
False
Is 185565439 a prime number?
False
Is 3436801099 prime?
True
Is 1693373827 a composite number?
True
Is 215491649 prime?
False
Is 16176559133 a prime number?
False
Is 101655593 prime?
False
Is 122040349 a prime number?
True
Is 2426834791 prime?
False
Is 24191318167 a composite number?
True
Is 2474390279 prime?
False
Is 51682473379 prime?
True
Is 8465920931 composite?
True
Is 1494737513 prime?
True
Is 19801310093 prime?
False
Is 3514691017 a prime number?
True
Is 12964308601 composite?
True
Is 249493199273 composite?
True
Is 18954511 a composite number?
True
Is 8477317 prime?
False
Is 12344750027 a composite number?
False
Is 2826704987 a composite number?
False
Is 9183410603 a prime number?
False
Is 34809463009 composite?
True
Is 31832409579 a composite number?
True
Is 55930557131 a composite number?
False
Is 2856353177 a composite number?
True
Is 9618582833 a composite number?
True
Is 5148993373 a composite number?
True
Is 5314795481 composite?
False
Is 246208447 prime?
True
Is 5134498937 a prime number?
False
Is 17361248851 a prime number?
False
Is 2276330183 composite?
False
Is 25237826143 a prime number?
False
Is 289353353 composite?
False
Is 2080182311 composite?
False
Is 1163940697 composite?
False
Is 3156737323 a composite number?
True
Is 2168840087 composite?
True
Is 14894632351 composite?
True
Is 11107569721 prime?
False
Is 8115907471 prime?
False
Is 79893029499 composite?
True
Is 1921990489 a prime number?
False
Is 7768650979 a composite number?
True
Is 107043184774 composite?
True
Is 230198183 prime?
True
Is 12803035429 prime?
False
Is 9791443327 composite?
False
Is 848111779 composite?
False
Is 4153783567 prime?
False
Is 530767483 prime?
False
Is 4191626183 a composite number?
False
Is 14829552443 a prime number?
True
Is 1057337167 prime?
True
Is 158152415242 a prime number?
False
Is 29833313 composite?
True
Is 528565841 a prime number?
False
Is 233855735 prime?
False
Is 330435490703 a composite number?
False
Is 3085143457 composite?
True
Is 252387083077 composite?
False
Is 21137880199 prime?
True
Is 345062813 composite?
True
Is 14530760539 prime?
True
Is 3815317897 prime?
True
Is 40830860513 a prime number?
True
Is 558457391785 composite?
True
Is 12273142061 composite?
True
Is 479873543 a composite number?
True
Is 5661292583 a prime number?
True
Is 1932205031 composite?
True
Is 1475827813 prime?
True
Is 10102300359 a composite number?
True
Is 21825955667 composite?
True
Is 14675888081 composite?
False
Is 1305577853 composite?
False
Is 5590686919 a prime number?
True
Is 8888273983 prime?
False
Is 603822911 a composite number?
False
Is 809807573 composite?
False
Is 1945912937 a composite number?
False
Is 134906961377 a composite number?
False
Is 515845093615 composite?
True
Is 100014686 a prime number?
False
Is 14896747549 prime?
False
Is 617570837 a prime number?
False
Is 105901653647 a composite number?
True
Is 931791299 prime?
True
Is 26360249831 a composite number?
True
Is 936543823 prime?
False
Is 153474511 composite?
True
Is 337176721 prime?
False
Is 8464787701 prime?
True
Is 1258633903 prime?
False
Is 3960560629 a prime number?
True
Is 5355062021 a composite number?
False
Is 826676009 composite?
True
Is 5638809811 composite?
False
Is 8836623629 composite?
False
Is 1802477111 a prime number?
False
Is 17281058957 a composite number?
True
Is 954523279 a composite number?
False
Is 6177425227 prime?
False
Is 21460533641 a prime number?
True
Is 21296038759 a composite number?
False
Is 3731036167 composite?
False
Is 2526530711 a prime number?
True
Is 1889397985 a prime number?
False
Is 527836643 composite?
False
Is 113137373551 a composite number?
False
Is 5767895953 a prime number?
False
Is 6157970521 a composite number?
False
Is 2428523089 a composite number?
False
Is 18355825451 a prime number?
True
Is 182625875941 composite?
True
Is 338391943 a prime number?
True
Is 6128864813 a composite number?
True
Is 7045012763 prime?
True
Is 11765415853 prime?
False
Is 92834096351 a prime number?
False
Is 23947146487 composite?
True
Is 2161443887 a composite number?
False
Is 18829669109 a composite number?
True
Is 284110199 composite?
False
Is 850966471 a composite number?
True
Is 8213005939 composite?
False
Is 8529674551 composite?
False
Is 270631759 a prime number?
True
Is 1242786371 composite?
True
Is 7736410327 composite?
True
Is 11174709877 a prime number?
True
Is 1051240997 a prime number?
True
Is 162098309 a composite number?
False
Is 23707913639 a composite number?
False
Is 120956833 a composite number?
False
Is 131754841 composite?
False
Is 352639373 prime?
False
Is 1118971463 a prime number?
False
Is 78956206099 prime?
False
Is 2771012683 prime?
False
Is 314458849 composite?
True
Is 1098127339 a prime number?
False
Is 1089886003 a prime number?
False
Is 1797207713 composite?
True
Is 736213109 a composite number?
False
Is 90368489 prime?
False
Is 91331772539 prime?
False
Is 415088446 a prime number?
False
Is 1542620213 prime?
False
Is 84683353 prime?
True
Is 6460118759 a composite number?
False
Is 907954627 composite?
True
Is 92716809623 prime?
False
Is 1083549653 composite?
False
Is 22345686579 prime?
False
Is 18031569239 a prime number?
False
Is 9012219097 a composite number?
True
Is 1883250731 a prime number?
False
Is 1871898779 a prime number?
True
Is 38452429909 a composite number?
True
Is 43212857 prime?
True
Is 1244368219 a composite number?
True
Is 38969621447 composite?
True
Is 29200194437 a prime number?
True
Is 45765982571 a composite number?
False
Is 14745636799 a composite number?
False
Is 70265323 a prime number?
True
Is 30124079107 prime?
False
Is 383609543 a composite number?
True
Is 63272987 prime?
True
Is 402803329 a prime number?
True
Is 185481383 a prime number?
True
Is 13732324618 a prime number?
False
Is 1754004289 a composite number?
False
Is 4517321 composite?
False
Is 134011581602 composite?
True
Is 170315617 composite?
True
Is 30369721567 a composite number?
False
Is 2779957901 a prime number?
False
Is 642212057 a prime number?
True
Is 20764681999 a prime number?
True
Is 47749777 prime?
True
Is 136988705521 a composite number?
True
Is 39491029727 a composite number?
True
Is 977080213 composite?
False
Is 975261145 a prime number?
False
Is 25048370831 composite?
True
Is 58398693841 prime?
True
Is 422795449 prime?
False
Is 169859369 prime?
True
Is 48739538867 composite?
False
Is 8017851089 composite?
False
Is 379126219 a prime number?
True
Is 1310550839 a prime number?
False
Is 182883641 a prime number?
True
Is